= 34 + s. Is m prime?
False
Let v(r) = 20*r**2 - r + 2. Is v(-3) prime?
False
Let z(h) = -h**3 + 7*h**2 + h - 3. Let j be z(7). Suppose 90 + 34 = j*v. Is v a composite number?
False
Is 5188*2/16 - (-6)/(-4) a prime number?
True
Let q = 3970 + -1871. Is q composite?
False
Let r = -16 - -314. Is r a composite number?
True
Let a(s) = 8*s**2 - 5*s - 5. Is a(-4) a prime number?
False
Let s = 5 - -3. Suppose 0 = 5*x - s - 7. Is (2 - x) + (-44)/(-1) composite?
False
Suppose -2*g + 6*g = 4. Let s be ((-26)/(-4))/(g/(-2)). Let y = 22 + s. Is y a prime number?
False
Let l be 2 + -2 + 15 + 2. Let s = l - -2. Suppose 3*y = 2*y + s. Is y a composite number?
False
Let p be 1/(((-14)/20)/(-7)). Suppose 0 = 4*n - 2*d - 158, 0 = 3*d - 5*d - p. Is n prime?
True
Let t(s) = s**2 - 10*s. Let j be t(10). Suppose 5*n + 4*l = 10, -2*l - 6 = -3*n - j*n. Suppose r + 6 = 3*u + 34, -n*u + 62 = 3*r. Is r a prime number?
False
Let m = -3 - -8. Let n be 2/8 + 21/12. Suppose 0 = n*f + m - 11. Is f composite?
False
Let i = 6 + -10. Let w(x) = 3*x**3 - 2*x**2 - 4*x - 3. Let t be w(i). Let m = t + 302. Is m composite?
True
Let q be 6/1*(-4)/6. Let j be -3 + (q - (-1 - 1)). Let s(t) = -2*t + 5. Is s(j) a prime number?
False
Suppose -2*d = 5*c - 561, -950 - 500 = -5*d - 3*c. Is d prime?
True
Let d = -101 - -212. Is d composite?
True
Let q = -7 + 9. Suppose -q*j = j - 222. Is j a prime number?
False
Suppose 0 = -6*m + 2*m + 28. Suppose c + m = 2*c. Suppose -2*w = 3*j - 44, 3*j - c*j + 2*w = -54. Is j a prime number?
False
Suppose -v = -4*q - 1945, 2*q = 2*v - 6*v + 7762. Is v a prime number?
False
Let c = -3 + -12. Is ((-1028)/(-6))/((-10)/c) a prime number?
True
Let g be (-1*4)/(6/(-15)). Suppose -a + g + 23 = 0. Is a prime?
False
Let v be 4/(-6) - 7390/(-15). Suppose 4*x = 440 + v. Is x prime?
True
Suppose m = -5*w + 244 + 559, -3*m + 169 = w. Suppose -3*r + 8*r - w = 0. Suppose -r = -4*h - 4. Is h a composite number?
False
Suppose -n = -4*g - 3387, -3*n - 10231 = -6*n - 2*g. Is n a composite number?
False
Suppose -3*c + 962 = -463. Let f be (0/(-1))/(-3 + 0). Suppose f*q - c = -5*q. Is q prime?
False
Let d = 1472 + -551. Is d composite?
True
Let f = 11 - -32. Suppose -f = -4*s + 81. Is s prime?
True
Suppose -2*t + a = -544, 5*t + 4*a - 1920 = -586. Let c = t + -127. Is c prime?
False
Suppose 5*b = 145 - 550. Let f = b + 233. Suppose -f = -3*j + 3*w - 47, 2*w - 66 = -2*j. Is j prime?
False
Let i(x) = 17*x**2 - 4*x + 4. Is i(3) a composite number?
True
Let h = 8 - 20. Is (-5)/(1 + h/9) composite?
True
Suppose -229 + 1425 = 4*g. Is g a prime number?
False
Let s be (1 - 1)/(-5 + 3). Let d be (-8)/4 + (88 - s). Let l = -49 + d. Is l a composite number?
False
Let t be (21/(-9))/((-2)/30). Suppose -3*h = -346 - t. Is h a prime number?
True
Let b(k) = 0*k - 4*k - 5 + 4*k - 6*k. Is b(-10) a prime number?
False
Let p be ((-3)/1)/(3/12). Let u = p - -101. Is u a composite number?
False
Let r(g) = 50*g**2 - 3*g + 18. Is r(-5) a prime number?
True
Let u(i) = 15*i - 8. Is u(13) a composite number?
True
Is 103/2 + (-9)/(-6) composite?
False
Let k = 78 + 262. Suppose -k = 7*s - 11*s. Is s a composite number?
True
Let g(c) = -4*c + 14. Suppose 0 = 4*z - 0*q - 5*q + 59, -6 = -2*q. Let r be g(z). Suppose a = 145 + r. Is a a prime number?
False
Suppose -199 = -5*z + 136. Is z a composite number?
False
Let q = 41 + -25. Let m be 30/(-9)*12/(-10). Is (76/q)/(1/m) a composite number?
False
Is 2*2/(-1) + 569 a composite number?
True
Suppose 2*h + 49 + 61 = -b, 3*b + 159 = -3*h. Let k = 2 - h. Is k composite?
False
Suppose 5*f - 463 = d - 3*d, -285 = -3*f - 3*d. Is f a prime number?
False
Suppose -3*i + 12 = i, 4*c + 73 = 3*i. Suppose 3*s = 5*n - n - 6, -4*n + 2*s = -8. Let y = n - c. Is y composite?
False
Let q(g) = -g**3 - 8*g - 5 - 2*g**2 - 5*g**2 - g**2. Suppose 2*n = 7*n + 35. Is q(n) a prime number?
True
Suppose -z + 4*z + 15 = 0, -14 = -w + 5*z. Let q = 42 - w. Is q a prime number?
True
Suppose 48 = -5*l - 0*h + 3*h, -2*l = 5*h + 13. Let q = 44 - l. Is q composite?
False
Let r(u) = -46*u. Is r(-1) prime?
False
Is (-1 - -224)*13/13 composite?
False
Let q(z) = z**2 - 7*z + 8. Let s = 21 + -15. Let v be q(s). Is (3 - v) + 2 + 56 composite?
False
Suppose 4*v - 1 = 3*n, -n - 2*v + 3 = -2*n. Suppose -2*y - k = 2*k - 6, n*k - 10 = -y. Suppose -2*f - 10 = y, -12 = 4*h + 5*f + 1. Is h a prime number?
True
Suppose -x + 99 - 20 = 0. Is x composite?
False
Suppose 4*v - 2*f = 3144, -3*v = -4*f + 718 - 3081. Is v composite?
True
Let r = 159 - 282. Is r/(-1) - (-2)/(-1) prime?
False
Let x(k) = -k**3 - 7*k**2 - 3*k + 8. Let q(g) = -6*g. Let y be q(1). Let j be x(y). Is (275/j)/((-2)/4) a composite number?
True
Let s = 370 + -159. Is s prime?
True
Let r be (7416/(-60))/(1/(-5)). Let k = 944 - r. Is k a composite number?
True
Let h(c) = 0 - 2 - 2 + 4*c + c**2 + 2*c**2. Let v be h(7). Suppose 3*j - 60 - v = 0. Is j a composite number?
True
Let c = 9 + 0. Let m be ((-2)/(-3))/(3/c). Suppose 0 = 2*h + 6, -3*h = -4*n + m*n + 47. Is n composite?
False
Let h(i) be the second derivative of -i**3/3 - 3*i**2/2 - i. Let z be h(-5). Let g(s) = s**3 - 5*s**2 + 2*s + 7. Is g(z) a prime number?
False
Let j(w) = w**3 - 3*w**2 + 4*w - 3. Let g be j(2). Suppose -n = -g + 3. Is (-1)/n - (-41)/2 composite?
True
Let v = 5 + -12. Let l(a) = -19*a + 6. Is l(v) a prime number?
True
Suppose -3*b + 8*b + 1680 = 5*m, -m + 3*b = -346. Is m prime?
True
Let u(a) = a**2 - 35*a + 37. Is u(-33) prime?
True
Suppose 290 = 2*d - 156. Is d composite?
False
Suppose 2*d - 5*z - 294 = 0, -4*z = -2*d + 305 - 7. Let s be (-10)/(-6) - (-3)/9. Let i = s + d. Is i a prime number?
False
Let u(i) = 23*i**2 + i - 7. Let m be u(5). Suppose 2*b = 5*b - m. Is b a prime number?
True
Suppose 0 = -19*m + 14*m - 20. Let l(j) = 14*j**2 + 2*j + 5. Is l(m) prime?
False
Let h(w) = 5*w**3 - 2*w**2 - 3*w - 4. Let c(j) = -4*j**3 + 2*j**2 + 2*j + 3. Let n(s) = -6*c(s) - 5*h(s). Let p be n(-3). Is (1 - p)*2 + 41 composite?
True
Let j = -1 - -9. Suppose -3*d - 5*y - 9 = 0, 2*d + 3*y + y = -j. Suppose -d*p + 55 + 30 = 3*z, -40 = -z - 3*p. Is z composite?
True
Is 354/4*(-4)/(-6) a composite number?
False
Let y(a) be the second derivative of a**4/4 + a**3/2 + a**2/2 + 3*a. Is y(-6) composite?
True
Is 4/10 - (-1)/((-20)/(-78972)) prime?
False
Suppose 0 = 2*t + 2*j - 8, -4*j + 3 + 7 = t. Let x = 51 - -38. Suppose t*r + x = o, r = 2*r. Is o prime?
True
Let p = 2 - 4. Let r be 3/((-3)/p) - -16. Let s = 55 - r. Is s composite?
False
Suppose 3*r - 6*z - 509 = -z, 5*r - 823 = 2*z. Is r composite?
False
Let y(d) = -57*d + 2. Let z be y(-1). Suppose 2*j = z + 43. Is j prime?
False
Suppose -5*j = -r - 20, -4*j = j - 4*r - 20. Suppose j*c = -34 + 174. Is c a composite number?
True
Suppose -c + 64 = 3*c. Suppose 5*j = -3*y + 95, -4*y + 19 = j - 0*y. Let a = c + j. Is a a prime number?
False
Let b(o) be the second derivative of o**2 - 1/12*o**4 + o - 5/3*o**3 + 0. Is b(-7) composite?
False
Let m(f) = f**3 + f**2 + f + 34. Let s(b) = -b**2 - 5*b + 3. Let g be s(-6). Let n = g - -3. Is m(n) a composite number?
True
Let k(d) = -65*d**3 + 5*d**2 + 5*d - 7. Is k(-4) a composite number?
True
Suppose 2367 = -6*y + 15*y. Is y composite?
False
Is (-3)/((-6)/4042) - 0 a prime number?
False
Let f(g) = 37*g + 2. Is f(1) composite?
True
Suppose -3*q = -2*x - 0*x + 14, 0 = 4*x + 4*q + 12. Is 0 + 35 + (x - 1) a composite number?
True
Suppose -14315 = 11*x - 16*x. Is x a prime number?
False
Is (-2)/(1473/(-489) - -3) a composite number?
False
Let j(t) = -2 - 3*t**3 + 5 - 2 + 2*t. Let h be j(-2). Suppose 0 = -3*c + 6*c - h. Is c a prime number?
True
Let l(f) = f + 10. Let d be l(-7). Suppose k + d*p - 60 = 25, -314 = -4*k + p. Is k composite?
False
Suppose -y - 4*y + 10 = 0. Suppose 0 = y*x + 3*x + 5. Is (x/2)/((-1)/70) a prime number?
False
Suppose -3*s = h - 5*s - 2773, 5*h = -3*s + 13904. Is h prime?
False
Let w = -45 - -23. Let q be (-1)/(-3) - w/6. Suppose -q*h + 182 = 26. Is h prime?
False
Is 2/(-9) - (68995/(-45) - 4) a prime number?
False
Let z = -161 - -229. Suppose 0 = -c - c + z. Is c composite?
True
Let l = 1 - -5. Suppose 3*i - l*r + 8 = -r, -2*i - 2*r = 0. Is (18 + 1)/(i/(-7)) a composite number?
True
Suppose 4*w + 3*d = 5*d + 9452, 7089 = 3*w + 2*d. Is w a prime number?
False
Let g be 2 +